 of 14692?
6
What is the tens digit of 11062?
6
What is the thousands digit of 4560?
4
What is the tens digit of 235?
3
What is the units digit of 217?
7
What is the hundreds digit of 27786?
7
What is the tens digit of 2017?
1
What is the hundreds digit of 2937?
9
What is the hundreds digit of 373?
3
What is the tens digit of 1322?
2
What is the units digit of 393?
3
What is the units digit of 6605?
5
What is the hundred thousands digit of 111367?
1
What is the units digit of 32670?
0
What is the hundreds digit of 728?
7
What is the ten thousands digit of 24191?
2
What is the ten thousands digit of 15535?
1
What is the hundreds digit of 842?
8
What is the thousands digit of 5459?
5
What is the hundreds digit of 367?
3
What is the ten thousands digit of 37783?
3
What is the thousands digit of 3124?
3
What is the thousands digit of 1205?
1
What is the ten thousands digit of 40383?
4
What is the ten thousands digit of 112427?
1
What is the hundreds digit of 1061?
0
What is the tens digit of 2551?
5
What is the units digit of 2372?
2
What is the tens digit of 4239?
3
What is the units digit of 256?
6
What is the units digit of 3085?
5
What is the hundreds digit of 3079?
0
What is the thousands digit of 2589?
2
What is the tens digit of 11146?
4
What is the hundred thousands digit of 141993?
1
What is the hundreds digit of 39036?
0
What is the tens digit of 676?
7
What is the units digit of 681?
1
What is the hundreds digit of 41286?
2
What is the hundred thousands digit of 112847?
1
What is the units digit of 6480?
0
What is the units digit of 190?
0
What is the hundreds digit of 3897?
8
What is the units digit of 2754?
4
What is the hundreds digit of 20462?
4
What is the units digit of 61?
1
What is the tens digit of 1083?
8
What is the thousands digit of 7214?
7
What is the hundreds digit of 2987?
9
What is the units digit of 3081?
1
What is the units digit of 12088?
8
What is the thousands digit of 67760?
7
What is the tens digit of 14481?
8
What is the thousands digit of 2899?
2
What is the tens digit of 47063?
6
What is the units digit of 851?
1
What is the units digit of 204?
4
What is the hundreds digit of 1093?
0
What is the units digit of 74?
4
What is the units digit of 39258?
8
What is the hundreds digit of 18263?
2
What is the tens digit of 5429?
2
What is the hundreds digit of 2053?
0
What is the tens digit of 500?
0
What is the tens digit of 25015?
1
What is the tens digit of 2327?
2
What is the tens digit of 865?
6
What is the units digit of 58?
8
What is the hundreds digit of 4778?
7
What is the units digit of 2066?
6
What is the ten thousands digit of 62706?
6
What is the hundreds digit of 38887?
8
What is the units digit of 2028?
8
What is the thousands digit of 23469?
3
What is the units digit of 17962?
2
What is the tens digit of 10849?
4
What is the units digit of 1296?
6
What is the hundreds digit of 95340?
3
What is the units digit of 36422?
2
What is the thousands digit of 7577?
7
What is the hundreds digit of 1606?
6
What is the units digit of 4069?
9
What is the hundreds digit of 2577?
5
What is the thousands digit of 53236?
3
What is the hundreds digit of 864?
8
What is the hundreds digit of 16183?
1
What is the hundreds digit of 537?
5
What is the thousands digit of 26936?
6
What is the tens digit of 115530?
3
What is the hundreds digit of 4353?
3
What is the units digit of 105057?
7
What is the units digit of 68528?
8
What is the tens digit of 3932?
3
What is the tens digit of 729?
2
What is the units digit of 78562?
2
What is the thousands digit of 27466?
7
What is the units digit of 488?
8
What is the tens digit of 2779?
7
What is the tens digit of 154?
5
What is the hundreds digit of 1664?
6
What is the tens digit of 74629?
2
What is the thousands digit of 100264?
0
What is the hundreds digit of 7957?
9
What is the units digit of 106227?
7
What is the units digit of 2390?
0
What is the thousands digit of 147898?
7
What is the hundreds digit of 977?
9
What is the ten thousands digit of 30338?
3
What is the thousands digit of 4808?
4
What is the hundreds digit of 2334?
3
What is the units digit of 620?
0
What is the tens digit of 8846?
4
What is the hundreds digit of 9605?
6
What is the thousands digit of 1905?
1
What is the units digit of 3974?
4
What is the hundreds digit of 28476?
4
What is the tens digit of 29138?
3
What is the thousands digit of 4071?
4
What is the units digit of 370?
0
What is the hundreds digit of 946?
9
What is the hundreds digit of 498?
4
What is the hundreds digit of 1376?
3
What is the ten thousands digit of 21817?
2
What is the thousands digit of 14695?
4
What is the hundreds digit of 890?
8
What is the hundreds digit of 1244?
2
What is the ten thousands digit of 39135?
3
What is the units digit of 77?
7
What is the tens digit of 870?
7
What is the hundreds digit of 866?
8
What is the tens digit of 6391?
9
What is the hundreds digit of 684?
6
What is the units digit of 4352?
2
What is the hundred thousands digit of 119271?
1
What is the tens digit of 104?
0
What is the thousands digit of 99123?
9
What is the tens digit of 2714?
1
What is the tens digit of 5502?
0
What is the hundreds digit of 20452?
4
What is the tens digit of 629?
2
What is the thousands digit of 3970?
3
What is the tens digit of 20504?
0
What is the thousands digit of 3623?
3
What is the tens digit of 97?
9
What is the hundreds digit of 31160?
1
What is the units digit of 202764?
4
What is the thousands digit of 5973?
5
What is the hundreds digit of 64420?
4
What is the tens digit of 162096?
9
What is the thousands digit of 5507?
5
What is the units digit of 39?
9
What is the thousands digit of 4195?
4
What is the hundreds digit of 877?
8
What is the thousands digit of 1892?
1
What is the hundreds digit of 7642?
6
What is the ten thousands digit of 117689?
1
What is the units digit of 3418?
8
What is the thousands digit of 5590?
5
What is the tens digit of 17142?
4
What is the units digit of 6158?
8
What is the tens digit of 7244?
4
What is the units digit of 13?
3
What is the tens digit of 4688?
8
What is the thousands digit of 6776?
6
What is the hundreds digit of 2203?
2
What is the thousands digit of 43348?
3
What is the hundreds digit of 1196?
1
What is the hundreds digit of 388?
3
What is the units digit of 23762?
2
What is the units digit of 18946?
6
What is the ten thousands digit of 16846?
1
What is the tens digit of 1726?
2
What is the thousands digit of 65610?
5
What is the hundreds digit of 30445?
4
What is the tens digit of 7314?
1
What is the units digit of 3101?
1
What is the units digit of 20551?
1
What is the hundreds digit of 116299?
2
What is the hundred thousands digit of 134766?
1
What is the hundreds digit of 104?
1
What is the units digit of 6402?
2
What is the hundreds digit of 34992?
9
What is the units digit of 5351?
1
What is the hundreds digit of 31668?
6
What is the hundreds digit of 22629?
6
What is the tens digit of 290?
9
What is the ten thousands digit of 22763?
2
What is the thousands digit of 1659?
1
What is the tens digit of 1885?
8
What is the tens digit of 112280?
8
What is the thousands digit of 2221?
2
What is the hundreds digit of 37398?
3
What is the tens digit of 474?
7
What is the hundreds digit of 1236?
2
What is the units digit of 89307?
7
What is the ten thousands digit of 24641?
2
What is the hundreds digit of 587?
5
What is the hundreds digit of 148122?
1
What is the thousands digit of 3458?
3
What is the thousands digit of 59944?
9
What is the units digit of 4601?
1
What is the units digit of 5271?
1
What is the ten thousands digit of 42852?
4
What is the units digit of 1845?
5
What is the ten thousands digit of 12625?
1
What is the hundreds digit of 30682?
6
What is the hundreds digit of 253?
2
What is the hundreds digit of 4601?
6
What is the hundreds digit of 1480?
4
What is the units digit of 14037?
7
What is the hundreds digit of 188375?
3
What is the units digit of 11012?
2
What is the units digit of 8149?
9
What is the units digit of 1331?
1
What is the ten thousands digit of 39576?
3
What is the hundreds digit of 678?
6
What is the thousands digit of 16820?
6
What is the units digit of 18541?
1
What is the hundreds digit of 18803?
8
What is the hundreds digit